pose 0 = -30*u + 35*u + 45. Let h be q(u). Suppose h*y + 685 = 5*w, 4*y - 161 = -w - 0*y. Is w a composite number?
True
Is ((-74634)/7)/((-2)/1) a composite number?
True
Let a(k) be the second derivative of 11*k**6/180 + k**5/24 - k**4/12 - 5*k**3/6 - k. Let q(x) be the second derivative of a(x). Is q(3) a prime number?
True
Let j be (930/9)/(-5)*(-6)/(-4). Let x = j + 324. Is x a composite number?
False
Suppose -105*r - 49278 + 1391913 = 0. Is r a prime number?
False
Suppose 6*z + 4979 = 9*z - 2*j, -4*j + 3298 = 2*z. Is z composite?
False
Let f be 119/35 + ((-24)/(-10))/4. Suppose 2*p = -10, 4*n + f*p - 1467 - 773 = 0. Is n a composite number?
True
Let u(w) = w**2 + 12*w + 20. Let m be u(-4). Let q(a) = a**2 - 18*a - 13. Is q(m) composite?
False
Suppose -36*d + 226934 - 68858 = 0. Is d composite?
False
Let q(b) be the third derivative of b**6/120 - b**5/30 + b**4/12 - 6*b**2. Let s be q(3). Is (-6)/s - (-2376)/15 a prime number?
False
Is 2/8 - ((-14175)/4)/9 a prime number?
False
Suppose 2*z + 45 = 107. Is z prime?
True
Let m(c) = -7*c**3 - 3*c**2 - 8*c + 91. Is m(-8) a composite number?
False
Let h(l) = -3*l + 1. Let w be h(-1). Let a be 8 - 32/(-20)*-10. Is (w/a)/((-5)/830) a prime number?
True
Suppose -60 = 26*n - 21*n. Is (-3)/(n/10)*15026/55 composite?
False
Let l(u) = u**2 + u - 18. Let v be l(-5). Suppose -v*j + 2463 = -1511. Is j a composite number?
False
Suppose -10*r = -4*r + 66. Let f(c) = 15*c**2 + 11*c - 1. Is f(r) a prime number?
True
Suppose -5*b + 10 = -10. Suppose -2*u + 18 = -b*k, k - 2*u + 3 + 3 = 0. Let i(y) = -63*y + 13. Is i(k) prime?
False
Let m be (15/(-10))/((-3)/(-88)). Let g = 291 + m. Suppose 122 = o - f, -g = -o - o - f. Is o a prime number?
False
Let k(c) = -7*c - 1087. Let q(i) = -3*i - 543. Let p(t) = 2*k(t) - 5*q(t). Let x = 3 - 3. Is p(x) a prime number?
True
Let h = -4001 + 7987. Is h a composite number?
True
Let l = -88 - -225. Suppose l = 4*d - 3*s - 2752, -3*s = 9. Let u = -487 + d. Is u a composite number?
False
Suppose 2*t + 3*n = -24, -4*t + t - n = 36. Let w = -8 - t. Is (-1268)/(-6) + w/(-12) a prime number?
True
Suppose 4*q + 147640 = 44*q. Is q prime?
True
Let z = -19 - -27. Suppose -2*i + z = -0*i. Suppose -k - 741 = -i*k. Is k composite?
True
Suppose 11*p = -5*p + 924432. Is p a composite number?
True
Let c be 2/((-10)/(-25)) + 0. Suppose 6739 = c*h - 946. Is h a prime number?
False
Suppose -237386 = -35*g - 3*g. Is g composite?
False
Suppose -659 - 681 = -4*r. Is r a prime number?
False
Let v = 5763 + -2328. Let t = 1305 + -874. Suppose t - v = -4*q. Is q prime?
True
Suppose q - 6 + 2 = 0. Let m be q/4*1*-310. Let w = m - -641. Is w composite?
False
Let r = -52 - -50. Let w(n) = -321*n + 7. Is w(r) a composite number?
True
Suppose -12 - 3 = 5*l, -33 = 2*s + 5*l. Is 6/s*(-4689)/6 composite?
False
Let i be 7 - 5 - (-3 + 447/(-3)). Is 7*-1*i/(-49) prime?
False
Let y(p) = -p + 4. Let c be y(-2). Suppose -r = -c*r + 3235. Is r a composite number?
False
Let w(n) = -252*n**3 - n**2. Suppose -10 = 5*q, j - 5*j + q = 2. Is w(j) prime?
True
Let v(o) be the first derivative of -3*o**4/4 - o**3/3 + 259*o - 19. Is v(0) composite?
True
Suppose 5*c + 3*b - 206 = 0, -2*b - 119 = -2*c - 43. Let f = c + 2. Is ((-14140)/f)/((-4)/6) composite?
True
Let o = -30 + 35. Suppose 346 = 2*n - 5*v, -o*n + v - 4*v = -803. Is n a prime number?
True
Let g be -1*(1 + 3 + -4). Suppose 3*y - 9 + 3 = g. Suppose -h - y*h = -1623. Is h a composite number?
False
Suppose 0 = -5*v - 4141 - 579. Let i = -455 - v. Is i composite?
True
Let w = -47794 + 71397. Is w composite?
False
Let z be (-1)/(-3) + (-352)/(-24). Is (-2592)/(-10) + (-3)/z a composite number?
True
Suppose 5*r + 7197 = 42542. Is r a prime number?
True
Suppose 9*s - 6732 = -0*s. Suppose s + 911 = 3*q. Is q a composite number?
True
Suppose -19*v - 12951 = -28*v. Is v composite?
False
Let d = -22079 + 40330. Is d a prime number?
True
Let f(j) = 20*j + 185. Is f(30) prime?
False
Suppose 54 = -5*y + 2*y. Let n = y + 32. Is n prime?
False
Suppose -c = 5*t - 7108 - 2977, 0 = -3*t - 5*c + 6051. Is t prime?
True
Is (-29904)/(-5) + (-10)/((-50)/1) a prime number?
True
Let u(y) = 93*y**2 - 1. Suppose 3*v + 19 = 5*l, -v + 27 = 4*l + l. Let t be 140/63 + v/(-9). Is u(t) prime?
False
Suppose n + 4*a = -2845 + 14474, 58145 = 5*n + 2*a. Is n composite?
True
Let z(q) be the second derivative of q**4/12 - q**3/6 + 49*q**2/2 - 3*q. Suppose 0 = -7*t + 11*t. Is z(t) composite?
True
Let x(p) = 28*p**2 - 4*p - 8. Let m(f) = f. Let h(t) = -m(t) + x(t). Is h(-7) a prime number?
True
Suppose 0 = 2*s - 2*v - 4181 - 957, -4*s + 2*v + 10272 = 0. Is s a composite number?
True
Let i(l) = 3*l**3 - 3*l**2 + 8*l - 11. Is i(11) a prime number?
False
Let h(b) = -12*b**2 + 8 - 2*b**3 + 0*b**3 + 3*b**3 - b + 2*b**2. Is h(11) a composite number?
True
Let h = 2182 + -4284. Let a = h + 5296. Is a composite?
True
Suppose -5*y - 4*p - 308 + 84 = 0, 2*p + 222 = -5*y. Let f = 490 + y. Is (-3)/(-6)*(0 + f) composite?
False
Suppose -25 = -5*q, -5*t + 36 = 5*q - 59. Let y be (1/(-2))/((-4)/184). Let u = t + y. Is u a prime number?
True
Let y(p) = p**2 - 2. Let m be y(2). Let l be m - (0 + 4) - -24. Suppose f + v - 63 = 0, 0 = 4*f + 3*v - 270 + l. Is f composite?
False
Let z(y) = y + 8. Let w be z(-4). Let m be (-376)/2*w/(-2). Is (5/(-20))/((-2)/m) a composite number?
False
Let a(b) = 18*b**3 + 5*b**2 - 26*b + 18. Is a(5) prime?
False
Let f(h) be the third derivative of -1/24*h**4 + 0*h + 0 + 5/6*h**3 - 1/120*h**6 - 5*h**2 + 1/60*h**5. Is f(-6) a composite number?
False
Let p(g) = 202*g + 493. Is p(49) a composite number?
False
Suppose 9*a - 3 = 33. Suppose -4*n = -5*p + 1519, 4*p + a*n + 0*n - 1244 = 0. Is p a composite number?
False
Let x be 1*(-6)/(-8)*4*1. Is (5295/(-9) - -2)*(x - 6) a composite number?
False
Suppose -22*k = -18*k - 1244. Suppose -4*j - 4 = 8. Is (3 + (-5 - j))*k a prime number?
True
Suppose -3*r + 2*r + 13 = 2*z, -20 = -5*r - z. Suppose r*o = o + 138. Is o prime?
False
Let u(d) = -d + 1. Let a be u(0). Let g(c) be the second derivative of 13*c**4/3 - c**2/2 - 17*c. Is g(a) a composite number?
True
Suppose 0*k + 2 = k. Suppose 5*b + 3*p = -381, 4*p - 57 = k*b + 85. Let s = b - -286. Is s a composite number?
False
Suppose a - 3 + 5 = 0. Let c be 1/2*(a + 3870). Is c/12 + 4/(-24) a composite number?
True
Let w be 49438/22 - (-42)/(-231). Suppose -u + i - 659 = -w, 6 = -2*i. Is u a composite number?
True
Suppose p - 4196 = -3*v - 1147, 2*p = -5*v + 6094. Is p a prime number?
True
Let t(w) = 16*w**2 + 19*w + 4. Let u be t(8). Let o = -317 + u. Is o composite?
False
Let p(r) = -32*r**3 - 7*r**2 + 9*r + 61. Is p(-4) a prime number?
False
Let d(q) = q**2 + 6*q + 4. Let s be d(-6). Let u = 455 - 254. Suppose u = s*h - h. Is h a composite number?
False
Let j be (-1 - 3*-17)*-2. Let g = j + 55. Is (-30)/(-9)*g/(-6) prime?
False
Let t(g) = 5*g. Let i be t(1). Suppose i*k = 902 + 21773. Is k composite?
True
Suppose 27612 = 2*z - 5*i, 5*z - 2*i - 16604 = 52447. Is z a prime number?
False
Let m be ((-30)/(-25))/(15/50). Suppose -2*f + 2*u = -3*f + 102, m*u = -8. Is f prime?
False
Suppose 2*w - 132 = 6*w. Let q = w + 235. Suppose -2*h + q = 24. Is h composite?
False
Let y(l) = l + 19. Let s be y(-14). Suppose -8 = -4*q, s*o = 2*q - 30 + 281. Is o composite?
True
Suppose 0 = 2*y - 4*p - 9514, 5*y + 2*p = 7*y - 9516. Suppose 4*s = 3*n - y, 2*s + 10667 = 4*n + 4325. Is n a composite number?
True
Let g = 4539 - 2894. Suppose 0 = y + 4*y - g. Is y a prime number?
False
Is 0 - (-2)/17 - (-63935)/17 a composite number?
False
Suppose 7*i - 3680 = 2*i. Let d = i - 327. Is d a prime number?
True
Let w = -100128 + 143595. Is w a composite number?
True
Let w = 8922 + -4219. Is w prime?
True
Suppose 29*g = 215897 + 24194. Is g prime?
False
Let t(c) = 2*c + 45. Let q be t(-18). Is 1825/q + 10/45 a prime number?
False
Suppose 36*k - 49*k + 13117 = 0. Is k a composite number?
False
Suppose -168*h + 156*h = -89916. Is h prime?
False
Let k(u) = 1 + u + 1 + 4*u + 7. Is k(12) a composite number?
True
Let g be 1 + 5 - 1 - 1. Suppose -3*v + 3*j + 2835 = 0, -2*j - 379 = g*v - 4147. Is v a prime number?
False
Let o(c) = c**2 + 12*c + 15. Let w be o(-11). Is 154/5 + w + 95/(-25) prime?
True
Let t(g) = -945*g**2 + 12. Let j be t(-4)